s divided by n.
43
Calculate the remainder when 99 is divided by (2 - 1)*10/((-20)/(-42)).
15
Let f(c) = 4*c + 1. Let n be f(3). Suppose 2*x + 8 = z, z - 4*x + n = -9*x. What is the remainder when 6 is divided by z?
0
Suppose -u - 4*u = -20. Calculate the remainder when 49 is divided by (26/u)/(3/12).
23
Let c(p) = -8*p - 2. Let r be c(-4). Let k = 30 + -43. Let a = r + k. What is the remainder when 32 is divided by a?
15
Let y = -4 + 8. Suppose 4*l - a + 5 = 5*l, y*l - 19 = -3*a. What is the remainder when 15 is divided by l?
3
Suppose -2*s = -3*w - 55, 3*w - 65 = -2*s + 8. Suppose 0 = 5*d - 139 - 336. Calculate the remainder when d is divided by s.
31
Let i be 0/2 + 13 + -4. Suppose 0 = -5*q + 2*q + i. What is the remainder when (-6)/q + 4 - -8 is divided by 4?
2
Suppose -3*g = -7*g + 120. Calculate the remainder when 209 is divided by g.
29
Suppose 4*s = 3*p + 94, -5*s - p + 80 = -47. Suppose x = -3*x + 36. Calculate the remainder when s is divided by x.
7
Suppose -10 = -f + o, -4*f + 5*o + 22 + 22 = 0. What is the remainder when 21 is divided by f?
3
Let m(l) = l - 2. Let k be m(6). Suppose 46 - 18 = k*y + 4*q, 5*y = 3*q + 19. Calculate the remainder when 18 is divided by y.
3
Suppose 5*l - 50 - 50 = 0. What is the remainder when 76 is divided by l?
16
Suppose -s = -5*s. Suppose s*n = -n + 11. What is the remainder when 43 is divided by n?
10
Suppose 0 = -k - 2*k + 30. What is the remainder when 36 is divided by k?
6
Suppose 11 = 5*x - 9. Calculate the remainder when 909/21 - x/14 is divided by 15.
13
Suppose -2*k + k - 8 = -5*m, 4*m - 18 = -5*k. Calculate the remainder when (-3)/9 - 13/(-3) is divided by k.
0
Let j(u) = u**3 - 5*u**2 - 5*u - 2. Let w be j(6). Suppose w*y = 39 + 17. What is the remainder when 38 is divided by y?
10
Suppose -c + 10 = -g, -5*c + g + 44 = -2*g. Calculate the remainder when 20 is divided by c.
6
Suppose -3*s = -19 + 7. Calculate the remainder when (-3116)/(-44) + s/22 is divided by 24.
23
Let j(g) = 3*g + 4. Suppose 7*y - 2*y - 5*c = 0, 0 = y + 4*c - 20. Suppose 4*a - 42 = -3*a. What is the remainder when j(y) is divided by a?
4
Let d be 806/10 + 2/5. Let t = -34 + d. Suppose g - 7 - 9 = 0. What is the remainder when t is divided by g?
15
Suppose 2*m - 6 = -4*b, 2*m + m + b - 24 = 0. Let g = -4 + m. What is the remainder when g is divided by 3?
2
Suppose -4*h - 13*h = -969. What is the remainder when h is divided by 29?
28
What is the remainder when 361 is divided by -52*((-32)/(-24) + (-14)/6)?
49
Let u(i) = i**3 + 9*i**2 + 8. What is the remainder when 134 is divided by u(-9)?
6
Let s(k) = k**2. Let o be s(2). Suppose 2*y - 38 = -3*x - 8, -o*x + 4*y = -40. Calculate the remainder when 19 is divided by x.
9
Let u = -33 - -46. What is the remainder when 50 is divided by u?
11
Suppose -25 = 4*f - 9*f. Let y = 18 + f. What is the remainder when y is divided by 6?
5
Suppose c = -7 + 52. Suppose -c = -4*j - 9. Calculate the remainder when -1 - (-1 + 2) - -28 is divided by j.
8
Suppose 4*w = 2*w + 8. Calculate the remainder when 5 is divided by w.
1
Let c = 39 + -24. Calculate the remainder when 72 is divided by c.
12
Let i(k) = k**2 - 4*k - 1. What is the remainder when i(5) is divided by 1?
0
Let n(p) = -p - 5. Let i be n(5). Let z(v) = -v**2 - 10*v + 2. Let s be z(i). Suppose -s*b = -b - 17. What is the remainder when b is divided by 6?
5
Let o = 25 + -3. What is the remainder when o is divided by 5?
2
Suppose 4*x - 87 = -x + 4*b, -2*x + b = -36. Let v = x + -6. Suppose 0 = -2*s + 4*s - 5*a - 11, 3*s - 4*a = v. What is the remainder when 10 is divided by s?
1
Suppose 0*p + p = 4. Suppose p*o - 72 = s, 0 = 6*s - s - 20. What is the remainder when 56 is divided by o?
18
Let c(q) = -q**2 - 11*q + 6. Let o = 10 - -3. What is the remainder when c(-6) is divided by o?
10
Let j(k) = 30*k - 5. What is the remainder when j(2) is divided by 14?
13
What is the remainder when (-3)/(-6)*258*3/9 is divided by 11?
10
Suppose 6*t = 367 - 127. Calculate the remainder when t is divided by (-2*3)/(2/(-7)).
19
Let c(j) = -2*j**2 - 2 - j + 2 - 5*j**3. Suppose -183 = -12*p - 39. What is the remainder when c(-2) is divided by p?
10
Let h = -51 - -78. Suppose 26 - 5 = 3*y. What is the remainder when h is divided by y?
6
Let c(y) = 2*y**2 - 4*y + 1. Let z be 18*1 - (-1 + 0). Suppose -6*t = b - 2*t, -3*t = -4*b + z. What is the remainder when c(b) is divided by 6?
5
Calculate the remainder when 15 is divided by (9/(-6))/((-2)/12).
6
Let m(n) = 6*n - 18. What is the remainder when 45 is divided by m(6)?
9
Suppose 5*n - 630 = -9*n. Calculate the remainder when 133 is divided by n.
43
Suppose -15 - 9 = -4*j. Let p(a) be the third derivative of -a**6/120 + 2*a**5/15 - 3*a**4/8 + a**3/6 + 2*a**2. What is the remainder when p(j) is divided by 7?
5
Suppose l = -5*z + 14, -2*z - 2*z + 5*l = 12. Suppose -r - z*r = -u - 1, 4*r - 2*u = -2. What is the remainder when 5 is divided by r?
1
Suppose 0 = 4*r - 34 - 14. Calculate the remainder when 45 is divided by r.
9
Let s = 202 + -90. Suppose 5*x = q, 7*x = -5*q + 4*x + s. Calculate the remainder when 59 is divided by q.
19
Suppose 5*t - 169 = 16. Suppose 4*a - i - i - 42 = 0, 0 = 5*a - 3*i - 50. Calculate the remainder when t is divided by a.
11
Let l(x) = x**2 + 5 + 4 + 1 - 6*x - 11. What is the remainder when l(10) is divided by 14?
11
Let q = 27 - 18. Calculate the remainder when 17 is divided by q.
8
Let g = 264 - 106. What is the remainder when g is divided by 16?
14
Suppose -4*m = -52 - 128. Let g = 41 - 18. Calculate the remainder when m is divided by g.
22
Suppose -161 = -4*d - 3*d. Calculate the remainder when d is divided by (3/6)/(2/48).
11
Suppose 2*y - 5 = 3*y. Let w = 11 + 11. Let c = y + w. Calculate the remainder when 49 is divided by c.
15
Suppose 0*z = -5*z + 60. Suppose 4*b = -z, 11 = -l + b - 11. Let k = l + 56. Calculate the remainder when k is divided by 11.
9
Let a = 79 - 55. Let t = a - 12. What is the remainder when t is divided by 7?
5
Let y = 32 - -106. Calculate the remainder when y is divided by 35.
33
Suppose k + 111 = -2*k. Let t = -16 - k. What is the remainder when t is divided by 11?
10
Suppose -a = -8 - 5. Let w = -8 + a. Calculate the remainder when w is divided by 3.
2
Let w(i) = 5*i + 5. Calculate the remainder when w(8) is divided by 16.
13
Suppose -6*u + u = -35. What is the remainder when 13 is divided by u?
6
Let h(t) = -t**2 - 7*t + 10. Let v be h(-8). Suppose -v*r = -3*r. Suppose 2*g - g - 13 = r. What is the remainder when 37 is divided by g?
11
Suppose n + 0*b - 43 = 5*b, n = -5*b + 23. What is the remainder when 131 is divided by n?
32
Let n(z) = -z**2 + 15*z + 16. Let q be n(11). Suppose -q = -5*r + 55. Calculate the remainder when r is divided by 6.
5
Let z(x) = 2*x - 3. Let d be 16/(-5)*25/(-10). Calculate the remainder when 38 is divided by z(d).
12
Let j(u) = 15*u**2 + 2*u - 4. What is the remainder when j(2) is divided by 21?
18
Suppose 4*y - 19 = 2*m + 11, -3*y - 2*m + 12 = 0. What is the remainder when y is divided by 2?
0
Let p = 303 + -213. Calculate the remainder when p is divided by 23.
21
Let x(i) = -i**3 + 4*i**2 - i + 1. Let v be x(2). Suppose v*w = 6*w + 10. What is the remainder when 37 is divided by w?
7
Calculate the remainder when 31 is divided by (2/(-3))/((-4)/66).
9
Suppose -5*d + 70 = -0*d. Calculate the remainder when 96 is divided by d.
12
Let s = 117 + -63. Suppose 16 = 2*f + 4*i, -2 - 28 = -3*f - 4*i. What is the remainder when s is divided by f?
12
Suppose r - 2*f + 7*f + 40 = 0, -16 = r - f. What is the remainder when 70 is divided by r/6*(-108)/15?
22
Let c(p) = 87*p**3 + 1. Calculate the remainder when c(1) is divided by 30.
28
Let k = 3 + 0. Suppose 14 = a + k. Calculate the remainder when 32 is divided by a.
10
Let q = -130 + 202. Calculate the remainder when q is divided by 25.
22
What is the remainder when (-702)/(-10) + (-8)/40 is divided by 18?
16
Suppose 2*k = -26 + 84. Calculate the remainder when k is divided by 18.
11
Suppose 0 = 3*y + k - 15, 0*y - k = y - 3. Let h(m) = -4*m - 4. Calculate the remainder when h(-5) is divided by y.
4
What is the remainder when 54 is divided by (-1)/(-1)*(3 - -16)?
16
Let t = -23 + 38. Let q = t + 3. Calculate the remainder when 70 is divided by q.
16
Suppose 0 = -o + 5*o - 2